{"id":84,"date":"2026-01-24T12:28:59","date_gmt":"2026-01-24T12:28:59","guid":{"rendered":"https:\/\/candelamonino.fpcei.eu\/?page_id=84"},"modified":"2026-02-11T11:03:44","modified_gmt":"2026-02-11T11:03:44","slug":"personajes","status":"publish","type":"page","link":"https:\/\/candelamonino.fpcei.eu\/?page_id=84","title":{"rendered":"Personajes"},"content":{"rendered":"\n<div class=\"wp-block-columns is-layout-flex wp-container-core-columns-is-layout-28f84493 wp-block-columns-is-layout-flex\">\n<div class=\"wp-block-column is-layout-flow wp-block-column-is-layout-flow\" style=\"flex-basis:100%\">\n<p class=\"has-text-align-center has-contrast-color has-text-color has-link-color wp-elements-9d13ba9c642d54f70e0ab10e9bc71372\">          Los personajes de Prison Break desempe\u00f1an un papel fundamental      en el desarrollo de la serie, aportando profundidad, emoci\u00f3n y tensi\u00f3n a cada episodio. A continuaci\u00f3n, se presentan los personajes m\u00e1s importantes, destacando sus historias, personalidades y la influencia que tienen en la trama principal.<\/p>\n<\/div>\n<\/div>\n\n\n\n<h2 class=\"wp-block-heading\"><strong>Michael Scofield<\/strong> <\/h2>\n\n\n\n<figure class=\"wp-block-image alignright size-full is-resized\"><img loading=\"lazy\" decoding=\"async\" width=\"492\" height=\"640\" src=\"https:\/\/candelamonino.fpcei.eu\/wp-content\/uploads\/2026\/01\/Personaje-atrapante.jpeg\" alt=\"\" class=\"wp-image-85\" style=\"aspect-ratio:0.7687611496531219;width:200px;height:auto\" srcset=\"https:\/\/candelamonino.fpcei.eu\/wp-content\/uploads\/2026\/01\/Personaje-atrapante.jpeg 492w, https:\/\/candelamonino.fpcei.eu\/wp-content\/uploads\/2026\/01\/Personaje-atrapante-231x300.jpeg 231w\" sizes=\"auto, (max-width: 492px) 100vw, 492px\" \/><\/figure>\n\n\n\n<div class=\"wp-block-group is-nowrap is-layout-flex wp-container-core-group-is-layout-6c531013 wp-block-group-is-layout-flex\">\n<p class=\"has-text-align-center has-contrast-color has-text-color has-link-color wp-elements-e25f69c42bb96932343631b37c182c2e\">Michael es el cerebro detr\u00e1s de toda la historia. Ingeniero brillante y estratega excepcional, se infiltra en Fox River con un \u00fanico objetivo: salvar a su hermano Lincoln de una condena injusta a muerte. Su calma bajo presi\u00f3n, su ingenio y su capacidad para planear cada detalle lo convierten en uno de los personajes m\u00e1s ic\u00f3nicos de la serie. Cada tatuaje en su cuerpo no solo es un dise\u00f1o, sino un mapa lleno de secretos y pistas que sostienen la tensi\u00f3n de toda la trama.<\/p>\n<\/div>\n\n\n\n<figure class=\"wp-block-image alignleft size-large is-resized\"><img loading=\"lazy\" decoding=\"async\" width=\"615\" height=\"1024\" src=\"http:\/\/candelamonino.fpcei.eu\/wp-content\/uploads\/2026\/01\/15-615x1024.jpeg\" alt=\"\" class=\"wp-image-86\" style=\"aspect-ratio:0.600592690154758;width:185px;height:auto\" srcset=\"https:\/\/candelamonino.fpcei.eu\/wp-content\/uploads\/2026\/01\/15-615x1024.jpeg 615w, https:\/\/candelamonino.fpcei.eu\/wp-content\/uploads\/2026\/01\/15-180x300.jpeg 180w, https:\/\/candelamonino.fpcei.eu\/wp-content\/uploads\/2026\/01\/15.jpeg 728w\" sizes=\"auto, (max-width: 615px) 100vw, 615px\" \/><\/figure>\n\n\n\n<h2 class=\"wp-block-heading has-text-align-right\"><strong>Lincoln Burrows<\/strong><\/h2>\n\n\n\n<div class=\"wp-block-group is-nowrap is-layout-flex wp-container-core-group-is-layout-6c531013 wp-block-group-is-layout-flex\">\n<p class=\"has-text-align-center has-contrast-color has-text-color has-link-color wp-elements-ea2e5b8178ac2e7fc3614598259bcb5d\">El hermano mayor de Michael, Lincoln, es el hombre marcado por la injusticia. Acusado y condenado a muerte por un crimen que no cometi\u00f3, su fuerza, determinaci\u00f3n y sentido de la familia lo hacen imprescindible en la historia. A lo largo de la serie, Lincoln evoluciona de ser un hombre atrapado por la desesperaci\u00f3n a un protagonista activo, enfrentando peligros y conspiraciones con valent\u00eda y astucia.<\/p>\n<\/div>\n\n\n\n<figure class=\"wp-block-image alignright size-full is-resized\"><img loading=\"lazy\" decoding=\"async\" width=\"736\" height=\"981\" src=\"https:\/\/candelamonino.fpcei.eu\/wp-content\/uploads\/2026\/01\/Sarah-Wayne-Callies-as-Dr_-Sara-Tancredi-in-PrisonBreak-Season-1.jpeg\" alt=\"\" class=\"wp-image-109\" style=\"aspect-ratio:0.7502589920212283;width:183px;height:auto\" srcset=\"https:\/\/candelamonino.fpcei.eu\/wp-content\/uploads\/2026\/01\/Sarah-Wayne-Callies-as-Dr_-Sara-Tancredi-in-PrisonBreak-Season-1.jpeg 736w, https:\/\/candelamonino.fpcei.eu\/wp-content\/uploads\/2026\/01\/Sarah-Wayne-Callies-as-Dr_-Sara-Tancredi-in-PrisonBreak-Season-1-225x300.jpeg 225w\" sizes=\"auto, (max-width: 736px) 100vw, 736px\" \/><\/figure>\n\n\n\n<h2 class=\"wp-block-heading\"> <strong>Sara Tancredi<\/strong><\/h2>\n\n\n\n<div class=\"wp-block-group is-nowrap is-layout-flex wp-container-core-group-is-layout-6c531013 wp-block-group-is-layout-flex\">\n<p class=\"has-text-align-center has-contrast-color has-text-color has-link-color wp-elements-49f7d6c5bc565b6009b56f5581aa9736\">Sara es la doctora de Fox River y uno de los intereses amorosos de Michael. Inteligente, compasiva y valiente, se convierte en un personaje clave tanto dentro como fuera de la prisi\u00f3n. Su relaci\u00f3n con Michael a\u00f1ade un componente humano y emocional a la serie, y su capacidad para tomar decisiones dif\u00edciles demuestra que no solo es un apoyo moral, sino una fuerza independiente dentro de la historia.<\/p>\n<\/div>\n\n\n\n<figure class=\"wp-block-image alignleft size-full is-resized\"><img loading=\"lazy\" decoding=\"async\" width=\"736\" height=\"980\" src=\"https:\/\/candelamonino.fpcei.eu\/wp-content\/uploads\/2026\/01\/19.jpeg\" alt=\"\" class=\"wp-image-110\" style=\"aspect-ratio:0.7510233785135996;width:195px;height:auto\" srcset=\"https:\/\/candelamonino.fpcei.eu\/wp-content\/uploads\/2026\/01\/19.jpeg 736w, https:\/\/candelamonino.fpcei.eu\/wp-content\/uploads\/2026\/01\/19-225x300.jpeg 225w\" sizes=\"auto, (max-width: 736px) 100vw, 736px\" \/><\/figure>\n\n\n\n<h2 class=\"wp-block-heading has-text-align-right\">                                                   <strong>Fernando Sucre<\/strong><\/h2>\n\n\n\n<div class=\"wp-block-group is-nowrap is-layout-flex wp-container-core-group-is-layout-6c531013 wp-block-group-is-layout-flex\">\n<p class=\"has-text-align-center has-contrast-color has-text-color has-link-color wp-elements-48f5f054d8ad3e8e465e61078a36218b\">Sucre es el compa\u00f1ero leal y confiable de Michael dentro de Fox River. Su humor, ingenio y sentido de la amistad lo hacen entra\u00f1able, pero tambi\u00e9n demuestra coraje y determinaci\u00f3n cuando se enfrenta a situaciones peligrosas. Su historia personal, incluyendo su amor por Maricruz, a\u00f1ade una dimensi\u00f3n humana que equilibra la tensi\u00f3n y el suspense de la serie.<\/p>\n<\/div>\n\n\n\n<figure class=\"wp-block-image alignright size-full is-resized\"><img loading=\"lazy\" decoding=\"async\" width=\"490\" height=\"653\" src=\"https:\/\/candelamonino.fpcei.eu\/wp-content\/uploads\/2026\/01\/Robert-Knepper-as-Theodore-_T-Bag_-Bagwell-in-PrisonBreak-Season-2.jpeg\" alt=\"\" class=\"wp-image-111\" style=\"width:218px;height:auto\" srcset=\"https:\/\/candelamonino.fpcei.eu\/wp-content\/uploads\/2026\/01\/Robert-Knepper-as-Theodore-_T-Bag_-Bagwell-in-PrisonBreak-Season-2.jpeg 490w, https:\/\/candelamonino.fpcei.eu\/wp-content\/uploads\/2026\/01\/Robert-Knepper-as-Theodore-_T-Bag_-Bagwell-in-PrisonBreak-Season-2-225x300.jpeg 225w\" sizes=\"auto, (max-width: 490px) 100vw, 490px\" \/><\/figure>\n\n\n\n<h2 class=\"wp-block-heading has-text-align-left\"><strong>Theodore \u201cT-Bag\u201d Bagwell<\/strong><\/h2>\n\n\n\n<div class=\"wp-block-group is-nowrap is-layout-flex wp-container-core-group-is-layout-6c531013 wp-block-group-is-layout-flex\">\n<p class=\"has-text-align-center has-contrast-color has-text-color has-link-color wp-elements-bad79cbb3c010727723d82320d84c77b\">T-Bag es uno de los antagonistas m\u00e1s memorables de la serie. Carism\u00e1tico pero peligroso, su complejidad lo hace fascinante: capaz de actos crueles, pero con momentos que revelan su inteligencia y su habilidad para manipular situaciones a su favor. Su presencia siempre genera tensi\u00f3n y mantiene al espectador alerta, convirti\u00e9ndolo en un personaje que nunca pasa desapercibido.<\/p>\n<\/div>\n\n\n\n<figure class=\"wp-block-image alignleft size-full is-resized\"><img loading=\"lazy\" decoding=\"async\" width=\"342\" height=\"514\" src=\"https:\/\/candelamonino.fpcei.eu\/wp-content\/uploads\/2026\/01\/William-Fichtner-as-Alexander-Mahone-_Prison-Break_-promo-2006.jpeg\" alt=\"\" class=\"wp-image-112\" style=\"aspect-ratio:0.6653800659901637;width:196px;height:auto\" srcset=\"https:\/\/candelamonino.fpcei.eu\/wp-content\/uploads\/2026\/01\/William-Fichtner-as-Alexander-Mahone-_Prison-Break_-promo-2006.jpeg 342w, https:\/\/candelamonino.fpcei.eu\/wp-content\/uploads\/2026\/01\/William-Fichtner-as-Alexander-Mahone-_Prison-Break_-promo-2006-200x300.jpeg 200w\" sizes=\"auto, (max-width: 342px) 100vw, 342px\" \/><\/figure>\n\n\n\n<h2 class=\"wp-block-heading has-text-align-right\">                                          <strong>Alexander Mahone<\/strong><\/h2>\n\n\n\n<div class=\"wp-block-group is-nowrap is-layout-flex wp-container-core-group-is-layout-6c531013 wp-block-group-is-layout-flex\">\n<p class=\"has-text-align-center has-contrast-color has-text-color has-link-color wp-elements-e4b60eb98b978d77a84983cb0042ff44\">El agente Mahone es un personaje que combina astucia, disciplina y conflictos internos. Inicialmente un antagonista que persigue a los fugitivos, su evoluci\u00f3n a lo largo de la serie muestra que no todo es blanco o negro: su inteligencia estrat\u00e9gica y sus dilemas personales lo convierten en uno de los personajes m\u00e1s complejos e interesantes de <em>Prison Break<\/em>.<\/p>\n<\/div>\n\n\n\n<p><\/p>\n\n\n\n<p class=\"has-text-align-center is-style-default has-contrast-color has-text-color has-link-color wp-elements-665a427eb00a682fd578e03bcf4b8b8e\">Cada uno de estos personajes evoluciona a lo largo de la serie, enfrent\u00e1ndose a situaciones l\u00edmite que ponen a prueba su lealtad y car\u00e1cter. Sus decisiones y relaciones son clave para entender por qu\u00e9 <em>Prison Break<\/em> se ha convertido en una serie tan memorable.<\/p>\n","protected":false},"excerpt":{"rendered":"<p>Los personajes de Prison Break desempe\u00f1an un papel fundamental en el desarrollo de la serie, aportando profundidad, emoci\u00f3n y tensi\u00f3n a cada episodio. A continuaci\u00f3n, se presentan los personajes m\u00e1s importantes, destacando sus historias, personalidades y la influencia que tienen en la trama principal. Michael Scofield Michael es el cerebro detr\u00e1s de toda la historia. [&hellip;]<\/p>\n","protected":false},"author":2,"featured_media":0,"parent":0,"menu_order":0,"comment_status":"closed","ping_status":"closed","template":"","meta":{"footnotes":""},"class_list":["post-84","page","type-page","status-publish","hentry"],"_links":{"self":[{"href":"https:\/\/candelamonino.fpcei.eu\/index.php?rest_route=\/wp\/v2\/pages\/84","targetHints":{"allow":["GET"]}}],"collection":[{"href":"https:\/\/candelamonino.fpcei.eu\/index.php?rest_route=\/wp\/v2\/pages"}],"about":[{"href":"https:\/\/candelamonino.fpcei.eu\/index.php?rest_route=\/wp\/v2\/types\/page"}],"author":[{"embeddable":true,"href":"https:\/\/candelamonino.fpcei.eu\/index.php?rest_route=\/wp\/v2\/users\/2"}],"replies":[{"embeddable":true,"href":"https:\/\/candelamonino.fpcei.eu\/index.php?rest_route=%2Fwp%2Fv2%2Fcomments&post=84"}],"version-history":[{"count":8,"href":"https:\/\/candelamonino.fpcei.eu\/index.php?rest_route=\/wp\/v2\/pages\/84\/revisions"}],"predecessor-version":[{"id":172,"href":"https:\/\/candelamonino.fpcei.eu\/index.php?rest_route=\/wp\/v2\/pages\/84\/revisions\/172"}],"wp:attachment":[{"href":"https:\/\/candelamonino.fpcei.eu\/index.php?rest_route=%2Fwp%2Fv2%2Fmedia&parent=84"}],"curies":[{"name":"wp","href":"https:\/\/api.w.org\/{rel}","templated":true}]}}