{"id":144,"date":"2026-02-11T10:03:14","date_gmt":"2026-02-11T10:03:14","guid":{"rendered":"https:\/\/candelamonino.fpcei.eu\/?page_id=144"},"modified":"2026-02-11T11:08:18","modified_gmt":"2026-02-11T11:08:18","slug":"temporada-5","status":"publish","type":"page","link":"https:\/\/candelamonino.fpcei.eu\/?page_id=144","title":{"rendered":"Temporada 5"},"content":{"rendered":"\n<p class=\"has-contrast-color has-text-color has-link-color wp-elements-1618b48701703990a5a841465d9c9d3f\">La quinta temporada retoma la historia ocho a\u00f1os despu\u00e9s, mostrando a Michael vivo pero atrapado en Yemen. Lincoln, Sara y aliados deben rescatarlo mientras enfrentan conspiraciones internacionales y situaciones extremas. La temporada combina acci\u00f3n, suspense y drama familiar, ofreciendo un cierre emocionante a la saga. Los episodios muestran la evoluci\u00f3n de los personajes y la resoluci\u00f3n de conflictos que se hab\u00edan desarrollado durante toda la serie.<\/p>\n\n\n\n<figure class=\"wp-block-image alignright size-full is-resized\"><img loading=\"lazy\" decoding=\"async\" width=\"736\" height=\"570\" src=\"http:\/\/candelamonino.fpcei.eu\/wp-content\/uploads\/2026\/01\/13.jpeg\" alt=\"\" class=\"wp-image-78\" style=\"aspect-ratio:1.2912571132953958;width:480px;height:auto\" srcset=\"https:\/\/candelamonino.fpcei.eu\/wp-content\/uploads\/2026\/01\/13.jpeg 736w, https:\/\/candelamonino.fpcei.eu\/wp-content\/uploads\/2026\/01\/13-300x232.jpeg 300w\" sizes=\"auto, (max-width: 736px) 100vw, 736px\" \/><\/figure>\n\n\n\n<h3 class=\"wp-block-heading\"><strong>Episodios clave<\/strong><\/h3>\n\n\n\n<ul class=\"wp-block-list\">\n<li class=\"has-contrast-color has-text-color has-link-color wp-elements-793cd37bdcc484073cf050c1e13f3bc9\">Episodio 1 (Ogygia): Michael se encuentra en una prisi\u00f3n desconocida y peligrosa.<\/li>\n\n\n\n<li class=\"has-contrast-color has-text-color has-link-color wp-elements-0748b34d402fa52e6e0c5992e6745ee9\">Episodio 5 (Wine Dark Sea): Planificaci\u00f3n y ejecuci\u00f3n de la liberaci\u00f3n mientras los protagonistas enfrentan riesgos.<\/li>\n\n\n\n<li class=\"has-contrast-color has-text-color has-link-color wp-elements-6c5651e1c71ceca12eff34fdaa73bc81\">Episodio 9 ( Behind the Eyes): Conclusi\u00f3n de la saga y cierre de la historia de los personajes principales.<\/li>\n<\/ul>\n\n\n\n<h3 class=\"wp-block-heading\"><strong>Curiosidad<\/strong><\/h3>\n\n\n\n<p class=\"has-text-align-center has-contrast-color has-text-color has-link-color wp-elements-c1dfdeca884e04ae0c3f83271f7b02bf\">Esta temporada sorprendi\u00f3 a los fans al retomar la historia a\u00f1os despu\u00e9s, ofreciendo giros inesperados y un cierre que concluye satisfactoriamente la narrativa de la serie.<\/p>\n\n\n\n<p><\/p>\n","protected":false},"excerpt":{"rendered":"<p>La quinta temporada retoma la historia ocho a\u00f1os despu\u00e9s, mostrando a Michael vivo pero atrapado en Yemen. Lincoln, Sara y aliados deben rescatarlo mientras enfrentan conspiraciones internacionales y situaciones extremas. La temporada combina acci\u00f3n, suspense y drama familiar, ofreciendo un cierre emocionante a la saga. Los episodios muestran la evoluci\u00f3n de los personajes y la [&hellip;]<\/p>\n","protected":false},"author":2,"featured_media":0,"parent":0,"menu_order":0,"comment_status":"closed","ping_status":"closed","template":"","meta":{"footnotes":""},"class_list":["post-144","page","type-page","status-publish","hentry"],"_links":{"self":[{"href":"https:\/\/candelamonino.fpcei.eu\/index.php?rest_route=\/wp\/v2\/pages\/144","targetHints":{"allow":["GET"]}}],"collection":[{"href":"https:\/\/candelamonino.fpcei.eu\/index.php?rest_route=\/wp\/v2\/pages"}],"about":[{"href":"https:\/\/candelamonino.fpcei.eu\/index.php?rest_route=\/wp\/v2\/types\/page"}],"author":[{"embeddable":true,"href":"https:\/\/candelamonino.fpcei.eu\/index.php?rest_route=\/wp\/v2\/users\/2"}],"replies":[{"embeddable":true,"href":"https:\/\/candelamonino.fpcei.eu\/index.php?rest_route=%2Fwp%2Fv2%2Fcomments&post=144"}],"version-history":[{"count":4,"href":"https:\/\/candelamonino.fpcei.eu\/index.php?rest_route=\/wp\/v2\/pages\/144\/revisions"}],"predecessor-version":[{"id":177,"href":"https:\/\/candelamonino.fpcei.eu\/index.php?rest_route=\/wp\/v2\/pages\/144\/revisions\/177"}],"wp:attachment":[{"href":"https:\/\/candelamonino.fpcei.eu\/index.php?rest_route=%2Fwp%2Fv2%2Fmedia&parent=144"}],"curies":[{"name":"wp","href":"https:\/\/api.w.org\/{rel}","templated":true}]}}